l. List the prime factors of l.
2, 11, 41
Let g = 1460 + -1236. What are the prime factors of g?
2, 7
Suppose -3*i + 19 = -20. Suppose 442 = 10*c + 7*c. List the prime factors of i/c*112/2.
2, 7
Suppose 36*z = -14*z + 144750. What are the prime factors of z?
3, 5, 193
Let g(q) = -q. Let k(i) = i**2 + 8*i + 5. Suppose 2*r - 4 = 0, 4*b - 12 = -r - 3*r. Let l(y) = b*k(y) - 4*g(y). What are the prime factors of l(-12)?
5
Let r(w) = 2*w**2 + 9*w - 21. Let d = 49 + -60. List the prime factors of r(d).
2, 61
Suppose -3*o + 3*h + 33 = 0, 19 + 25 = 4*o + 5*h. Let n = 5 + o. List the prime factors of n + (-8)/4 + 2.
2
Suppose 4*o - 2*h = 3648, -2*o - 5*h = -201 - 1611. List the prime factors of o.
911
Suppose -32*v + 37882 = -6*v. List the prime factors of v.
31, 47
Let g = 1131 - 570. What are the prime factors of g?
3, 11, 17
Let l(k) be the second derivative of k**5/20 + k**4/12 - k**3/6 + 2*k**2 - 3*k. Let d be l(0). Suppose -d*b - 11 = -83. List the prime factors of b.
2, 3
Let h be (-1*3/(-4))/((-3)/(-36)). Suppose -h = 3*j - 228. List the prime factors of j.
73
Suppose -5*l + 1468 = 4*y, 6*y + 2*l - 1480 = 2*y. List the prime factors of y.
2, 3, 31
Suppose z - b - 234 = 0, 0 = -0*b - b - 4. Suppose 0 = 5*l - 5*k - z, -4*l + 183 = -0*l - 5*k. What are the prime factors of l?
47
Let o(w) = -3*w**3 + 4*w**2 + 3*w - 4. Let y = 54 - 57. List the prime factors of o(y).
2, 13
Suppose 0*u + 21 = u. Let g be (12/42)/(3/u). Suppose 4*d = -d - 3*i + 299, -2*d = g*i - 118. What are the prime factors of d?
61
Suppose -b + 4 = 5*t - 18, 34 = -3*b + 5*t. Let r be (2/8)/(b/(-228)). Let o = -9 + r. List the prime factors of o.
2, 5
Let z = -114 + 119. Suppose -43 = -3*p - 2*n, -z*p = -2*n + 3*n - 74. List the prime factors of p.
3, 5
What are the prime factors of 10554/4 + ((-27)/(-6))/9?
7, 13, 29
Suppose 4 = n + n. Let f be n/(((-15)/24)/5). Let b = 32 + f. What are the prime factors of b?
2
Let a(k) = -6*k - 1. Let x(y) be the third derivative of -y**5/60 - 3*y**4/8 - 11*y**3/6 + y**2. Let o be x(-8). What are the prime factors of a(o)?
17
Suppose 0 = h - 9*h + 1408. Suppose 74*a - 76*a = -h. What are the prime factors of a?
2, 11
Let v(q) = -39*q**3 - 6*q - 12. List the prime factors of v(-3).
3, 353
Let r = 1368 - 628. What are the prime factors of r?
2, 5, 37
Suppose -5*a - t + 211 = 0, 0 = 5*a + 2*t - 139 - 68. Let f = -15 + a. Suppose 85 = 3*y + f. What are the prime factors of y?
19
Suppose 0 = -4*q + 2*c + 254, -2*q + 4*c - 77 = -3*q. Let s = q + -29. List the prime factors of s.
2, 3
Let y be 2*(-4)/(-8)*-5. Let l(z) = -z. Let s be l(y). Suppose q = -2*q - 5*w + 87, -173 = -s*q + w. What are the prime factors of q?
2, 17
Suppose -x - 3*s - 60 = 0, x - 5*x - 3*s = 276. Let l be (1/(-2))/(9/x). Suppose 82 = 6*u - l*u. What are the prime factors of u?
41
Let k(a) = a**2 - 8*a - 3. Let j be k(7). Let u(w) = -2*w + 6. List the prime factors of u(j).
2, 13
Suppose 608 = -0*q + 19*q. List the prime factors of q.
2
Let g(x) = -7*x + 4 - 40*x**2 - 10*x + 39*x**2. What are the prime factors of g(-9)?
2, 19
What are the prime factors of ((-21051)/(-9) - -6) + -7?
2, 7, 167
Suppose 5*z = -4*f + 5015, 2*f = -0*z + 2*z + 2494. List the prime factors of f.
2, 5
Let c(f) = 26*f + 1. Let t be c(-1). Let v = t - -30. Suppose 0*k = v*k - 160. List the prime factors of k.
2
Let p(n) = -78*n + 2. Let i be p(-5). List the prime factors of (i/21)/(2/3).
2, 7
Let y(n) = n**3 + 2*n + 7. Let d be y(5). Let s = 72 + -70. Suppose -4*l + 130 = 5*m + l, s*l = -5*m + d. List the prime factors of m.
2, 3, 5
Let y be 15/6*2*6. Let c = 76 - y. Suppose c = 3*n + 3*j - 77, -4*n = j - 158. List the prime factors of n.
3, 13
Let u = 993 + 458. What are the prime factors of u?
1451
Suppose 5*p - 408 = p. Suppose -3*r + p = 3*r. List the prime factors of r.
17
Suppose -b - 3*b = -3*t - 79, -4*t + 2*b = 112. Let i = t - -94. List the prime factors of i.
5, 13
Let n(u) = -7*u - 1. Let j be n(8). Let t = j + 134. Suppose 0 = -2*c + 3*g + 53, -3*c + 0*c + 2*g = -t. What are the prime factors of c?
5
Suppose 5*j = -5*x + 14295, -5*x + 5*j + 8086 + 6189 = 0. List the prime factors of x.
2857
Let j = 118 + -110. List the prime factors of 2/((-2)/2)*(-212)/j.
53
Let a(f) = f + 1. Let y(h) = -1. Let q(j) = a(j) - 2*y(j). Let i be q(-2). Let t = i - -10. What are the prime factors of t?
11
Let s(f) = 5*f - 1. Let u be s(3). Suppose -3*m - u = -74. What are the prime factors of m?
2, 5
Suppose 3*h = -9, 4*u - 5 - 6 = h. What are the prime factors of -158*(-6)/6 - u/(-2)?
3, 53
Let b(w) = -8*w + 4*w**2 + w**3 - 2*w**3 + 4*w**2 + 7*w**2 - 19. Let k be b(14). Let u = -39 + k. List the prime factors of u.
2, 13
Let t be (-1 - 2/(-1)) + 2. Suppose -v = -j - 67, 338 = 5*v - 4*j - 0*j. What are the prime factors of 6/4*v/t?
5, 7
Suppose 46*o + 5377 = 47*o. What are the prime factors of o?
19, 283
Let s(i) = -2*i**3 + i**2 + 2*i - 1. Suppose 36 = -4*n + v - 59, 105 = -5*n + 4*v. Let x be 20/n*10/4. List the prime factors of s(x).
3, 5
Let o(h) = 4*h**2 + 15*h + 30. What are the prime factors of o(13)?
17, 53
Let t(u) = 45*u + 2. Let g be t(1). Let a = -14 + g. List the prime factors of a.
3, 11
Suppose 3*t = -58 + 49. List the prime factors of 59 - (t + 4)*3.
2, 7
Suppose -289*t + 296*t = 7462. List the prime factors of t.
2, 13, 41
Let f(j) be the second derivative of j**3/6 + 10*j**2 - 8*j. List the prime factors of f(17).
37
Let u(f) = f**3 + 19. Let h be u(0). Suppose -4*l = -3*c + h, 4*c = -2*l + 19 + 43. What are the prime factors of 3 + 0 + c + -3?
13
Suppose 4*x - 200 = 104. Let s = x + 32. What are the prime factors of s?
2, 3
What are the prime factors of -2*2*597/(-12) - 5?
2, 97
Let r = -331 + 608. What are the prime factors of r?
277
Let c(u) = u**2 - u - 2. Let x be c(3). Suppose 0 = 5*a - x*y - 660, -2*a + 2*y = 2*a - 522. Suppose -32 = -5*z + a. List the prime factors of z.
2
Let v(i) = -4*i + 60. Let x(z) = 3*z - 60. Let j(m) = -4*v(m) - 5*x(m). List the prime factors of j(0).
2, 3, 5
Let r = -83 - 175. List the prime factors of 2/4*5/((-5)/r).
3, 43
Let r be 6/(-10) - (-54)/15. Let a be -3 + r/(-3) + 6. List the prime factors of a - ((-6)/2 + -4).
3
Let n = 229 - -211. What are the prime factors of n?
2, 5, 11
Suppose 0 = 4*z - 3*a - 11, 2 = 2*z + 2*a - 0*a. Let u = -115 + 191. Suppose -n - u = -4*n - z*m, 0 = 4*n + 5*m - 99. What are the prime factors of n?
2, 13
Let a = 1242 - 708. List the prime factors of a.
2, 3, 89
Suppose 0 = o + 2*o + 4*r - 1408, -6 = 3*r. List the prime factors of o.
2, 59
Suppose -11*h = -3713 - 9157. What are the prime factors of h?
2, 3, 5, 13
Let n(m) = -m + 9. Let z = 33 - 29. Let r be n(z). Suppose -r*i = 5*o - 250, 40 = -2*i + 3*i + 3*o. List the prime factors of i.
5, 11
Suppose 3*a + 46 = -2*w, 2*a + 16 = -2*a. Let r = 29 + w. List the prime factors of (-497)/(-11) - r/66.
3, 5
Suppose 5*l - t = 3*l - 1, 0 = t - 5. Suppose -y + 21 = 4*n - 0*y, 36 = 4*n + 4*y. Suppose 5*k = i + n*i + 75, -2*i = l*k - 18. What are the prime factors of k?
2, 3
Let h = 126 - -38. Suppose -436 = -3*u + h. What are the prime factors of u?
2, 5
Let l = -19 + -33. Let q = 104 + l. List the prime factors of q.
2, 13
Let y(k) = -18*k - 5. Let s be y(-4). Let h(p) = -p**3 - 17*p**2 + p + 21. Let u be h(-17). Suppose u*t - s = 17. List the prime factors of t.
3, 7
Let t(d) = -25*d + 37. Suppose 8*p - 2 = -34. What are the prime factors of t(p)?
137
Let i(d) = -d**3 - 22*d**2 - 23*d - 41. Let w be i(-21). What are the prime factors of 3*w + 16/4?
7
Let r be 0 - (0 + 2) - 1. What are the prime factors of (-211)/r + (-13)/39?
2, 5, 7
Let u be (16/(-10))/(3/(-135) + 0). Let k = -50 + u. List the prime factors of k.
2, 11
Suppose 0 = -14*p + 4186 - 0. List the prime factors of p.
13, 23
Let f(j) = -j**3 - 4*j**2 + 16*j + 7. Let s be f(-7). List the prime factors of (s/12)/(2/108).
3, 7
Suppose -2*z - 8 = -4*z. Suppose -3*v = -z*v + 5. Suppose v*c + 35 = g, -87 = g - 4*g - 3*c. List the prime factors of g.
2, 3, 5
Let a(d) = 4*d**2 + 3*d + 1. Let b(p) = -p**2 + 1. Let c(z) = -a(z) - 5*b(z). Let m = -122 - -128. List the prime factors of c(m).
2, 3
Suppose -4 = r - 19. Let k(i) = i**3 + 10*i**2 + 9*i + 3. Let t be k(-9). Suppose t*v - 13 = v + j, 2*v = -j + r. What are the prime factors o